{"id":27292,"date":"2025-12-16T07:45:48","date_gmt":"2025-12-16T07:45:48","guid":{"rendered":"https:\/\/xn--brndpunkt-h3a.dk\/?post_type=product&#038;p=27292"},"modified":"2026-09-01T05:46:52","modified_gmt":"2026-09-01T05:46:52","slug":"de-gule-citroner-og-det-der-blev-gemt-af-jan-haakan-pedersen","status":"publish","type":"product","link":"https:\/\/xn--brndpunkt-h3a.dk\/index.php\/product\/de-gule-citroner-og-det-der-blev-gemt-af-jan-haakan-pedersen\/","title":{"rendered":"De gule citroner &#8211; og det der blev gemt af Jan Haakan Pedersen &#8211; Udkommer 19. oktober 2026"},"content":{"rendered":"","protected":false},"excerpt":{"rendered":"<p>&nbsp;<\/p>\n<p><strong>Udkommer 19. oktober 2026. Kan allerede nu forudbestilles!<\/strong><\/p>\n<p>&nbsp;<\/p>\n<div class=\"page\" title=\"Page 1\">\n<div class=\"section\">\n<div class=\"layoutArea\">\n<div class=\"column\">\n<p>Da Bodil rydder sin afd\u00f8de mors hus, finder hun et brev, der ma\u030aske aldrig skulle have v\u00e6ret l\u00e6st.<\/p>\n<p>Et brev fra 1971.<br \/>\nEt navn fra \u00d8stberlin.<br \/>\nOg en s\u00e6tning, der \u00e6ndrer alt:<\/p>\n<p>\u201dHun tror, jeg er hendes mor. Det er jeg ogsa\u030a. Men ikke som hun tror.\u201d<\/p>\n<p>Det, der begynder som en personlig s\u00f8gen efter sandheden, f\u00f8rer Bodil ind i et glemt netv\u00e6rk af hemmelige forbindelser mellem Danmark, DDR og Warszawa under den kolde krig.<br \/>\nMen nogle historier er ikke bare skjult. De er vogtet.<\/p>\n<p><strong><em>De gule citroner og det der blev gemt<\/em><\/strong> er en stemningsfuld sp\u00e6ndingsroman om identitet, tavshed og de spor, historien efterlader i mennesker.<\/p>\n<p>&nbsp;<\/p>\n<div class=\"page\" title=\"Page 1\">\n<div class=\"layoutArea\">\n<div class=\"column\">\n<p><strong>Jan Haakan Pedersen<\/strong> skriver sp\u00e6ndingsromaner med fokus pa\u030a menneskelige relationer, skjulte historier og Europas politiske skyggerum. Han udkommer med sin debutroman <em>De gule citroner og det der blev gemt<\/em> pa\u030a Br\u00e6ndpunkt Zenit, hvor han kombinerer psykologisk sp\u00e6nding med et atmosf\u00e6risk blik pa\u030a den kolde krigs eftervirkninger.<\/p>\n<\/div>\n<\/div>\n<\/div>\n<\/div>\n<\/div>\n<p>&nbsp;<\/p>\n<div class=\"layoutArea\">\n<div class=\"column\">\n<div class=\"page\" title=\"Page 1\">\n<div class=\"layoutArea\">\n<div class=\"column\">\n<a href='https:\/\/www.saxo.com\/dk\/de-gule-citroner_bog_9788785348777?_gl=1*1jd7dnk*_up*MQ..&#038;gclid=CjwKCAjwuO_QBhAWEiwAIkVhU7_IYnVtdyNT1zrZ74T_huXclZwLqSv_QLoQtgJf0QWCeEjmdSQemhoCDikQAvD_BwE&#038;gbraid=0AAAAAD_rHDV_8HjYTEBr6BC6a-o_SVluT' class='small-button smallblue' target=\"_blank\">K\u00f8b bogen her<\/a>\n<p>&nbsp;<\/p>\n<\/div>\n<\/div>\n<\/div>\n<\/div>\n<\/div>\n<\/div>\n<\/div>\n","protected":false},"featured_media":27293,"comment_status":"open","ping_status":"closed","template":"","meta":{"_et_pb_use_builder":"","_et_pb_old_content":"","_et_gb_content_width":""},"product_cat":[76],"product_tag":[],"class_list":["post-27292","product","type-product","status-publish","has-post-thumbnail","hentry","product_cat-romaner"],"_links":{"self":[{"href":"https:\/\/xn--brndpunkt-h3a.dk\/index.php\/wp-json\/wp\/v2\/product\/27292"}],"collection":[{"href":"https:\/\/xn--brndpunkt-h3a.dk\/index.php\/wp-json\/wp\/v2\/product"}],"about":[{"href":"https:\/\/xn--brndpunkt-h3a.dk\/index.php\/wp-json\/wp\/v2\/types\/product"}],"replies":[{"embeddable":true,"href":"https:\/\/xn--brndpunkt-h3a.dk\/index.php\/wp-json\/wp\/v2\/comments?post=27292"}],"wp:featuredmedia":[{"embeddable":true,"href":"https:\/\/xn--brndpunkt-h3a.dk\/index.php\/wp-json\/wp\/v2\/media\/27293"}],"wp:attachment":[{"href":"https:\/\/xn--brndpunkt-h3a.dk\/index.php\/wp-json\/wp\/v2\/media?parent=27292"}],"wp:term":[{"taxonomy":"product_cat","embeddable":true,"href":"https:\/\/xn--brndpunkt-h3a.dk\/index.php\/wp-json\/wp\/v2\/product_cat?post=27292"},{"taxonomy":"product_tag","embeddable":true,"href":"https:\/\/xn--brndpunkt-h3a.dk\/index.php\/wp-json\/wp\/v2\/product_tag?post=27292"}],"curies":[{"name":"wp","href":"https:\/\/api.w.org\/{rel}","templated":true}]}}

<p>&nbsp;</p>
<p><strong>Udkommer 19. oktober 2026. Kan allerede nu forudbestilles!</strong></p>
<p>&nbsp;</p>
<div class="page" title="Page 1">
<div class="section">
<div class="layoutArea">
<div class="column">
<p>Da Bodil rydder sin afdøde mors hus, finder hun et brev, der måske aldrig skulle have været læst.</p>
<p>Et brev fra 1971.<br />
Et navn fra Østberlin.<br />
Og en sætning, der ændrer alt:</p>
<p>”Hun tror, jeg er hendes mor. Det er jeg også. Men ikke som hun tror.”</p>
<p>Det, der begynder som en personlig søgen efter sandheden, fører Bodil ind i et glemt netværk af hemmelige forbindelser mellem Danmark, DDR og Warszawa under den kolde krig.<br />
Men nogle historier er ikke bare skjult. De er vogtet.</p>
<p><strong><em>De gule citroner og det der blev gemt</em></strong> er en stemningsfuld spændingsroman om identitet, tavshed og de spor, historien efterlader i mennesker.</p>
<p>&nbsp;</p>
<div class="page" title="Page 1">
<div class="layoutArea">
<div class="column">
<p><strong>Jan Haakan Pedersen</strong> skriver spændingsromaner med fokus på menneskelige relationer, skjulte historier og Europas politiske skyggerum. Han udkommer med sin debutroman <em>De gule citroner og det der blev gemt</em> på Brændpunkt Zenit, hvor han kombinerer psykologisk spænding med et atmosfærisk blik på den kolde krigs eftervirkninger.</p>
</div>
</div>
</div>
</div>
</div>
<p>&nbsp;</p>
<div class="layoutArea">
<div class="column">
<div class="page" title="Page 1">
<div class="layoutArea">
<div class="column">
<a href='https://www.saxo.com/dk/de-gule-citroner_bog_9788785348777?_gl=1*1jd7dnk*_up*MQ..&#038;gclid=CjwKCAjwuO_QBhAWEiwAIkVhU7_IYnVtdyNT1zrZ74T_huXclZwLqSv_QLoQtgJf0QWCeEjmdSQemhoCDikQAvD_BwE&#038;gbraid=0AAAAAD_rHDV_8HjYTEBr6BC6a-o_SVluT' class='small-button smallblue' target="_blank">Køb bogen her</a>
<p>&nbsp;</p>
</div>
</div>
</div>
</div>
</div>
</div>
</div>
