{"id":27101,"date":"2026-04-30T06:49:24","date_gmt":"2026-04-30T06:49:24","guid":{"rendered":"https:\/\/xn--brndpunkt-h3a.dk\/?post_type=product&#038;p=27101"},"modified":"2026-04-30T06:49:57","modified_gmt":"2026-04-30T06:49:57","slug":"palaeet-af-marlene-isabel-shirazi","status":"publish","type":"product","link":"https:\/\/xn--brndpunkt-h3a.dk\/index.php\/product\/palaeet-af-marlene-isabel-shirazi\/","title":{"rendered":"Pal\u00e6et af Marlene Isabel Shirazi &#8211; Udkommer 17. juni 2026"},"content":{"rendered":"","protected":false},"excerpt":{"rendered":"<p>&nbsp;<\/p>\n<p><strong>Udkommer 17. juni 2026. Kan allerede nu forudbestilles!<\/strong><\/p>\n<p><span style=\"font-size: 16px;\"><em>Lad dig ikke skr\u00e6mme af dem, der larmer og fylder. Hold \u00f8je med dem, du ikke h\u00f8rer og ser.<\/em><\/span><\/p>\n<p>Med et navn som en dronning v\u00e6rdig, gemmer Cleo sig i sin mormors smukke pal\u00e6 fra ford\u00f8mmende blikke og fyldte barnevogne. Hun deler sin velstand, sin plus size krop og sit milde sind med Carl. Pil, den s\u00f8de unge fodterapeut, er den eneste, der ellers kommer i Pal\u00e6et hver m\u00e5ned.<\/p>\n<p>Husbonden handler ind og l\u00f8ber hendes \u00e6rinder. Alt for dig, siger han, n\u00e5r han giver hende det sidste stykke af brunsvigeren. Han k\u00f8ber blomster og l\u00e6ser h\u00f8jt for hende om aftenen. Festligt er det ogs\u00e5, n\u00e5r Carl bruger Cleos clips\u00f8reringe og tager sine h\u00f8jh\u00e6lede p\u00e5.<\/p>\n<p>Carl f\u00e5r Cleo til at glemme, at hun som ung afgav et l\u00f8fte, hun ikke har kunnet indfri. Men selv svigermor ved ikke, at en gammel hemmelighed snart vender op og ned p\u00e5 det liv, der leves i Pal\u00e6et.<\/p>\n<p><strong>MARLENE ISABEL SHIRAZI<\/strong>, f. 1971.<br \/>\n<em>Pal\u00e6et<\/em> er forfatterens anden roman, og inspirationen er hentet i forfatterens hjemby, Odense.<\/p>\n<p>&nbsp;<\/p>\n<a href='https:\/\/www.saxo.com\/dk\/palaeet_bog_9788785348647' class='small-button smallblue' target=\"_blank\">K\u00f8b bogen her<\/a>\n","protected":false},"featured_media":27102,"comment_status":"open","ping_status":"closed","template":"","meta":{"_et_pb_use_builder":"","_et_pb_old_content":"","_et_gb_content_width":""},"product_cat":[76,43],"product_tag":[],"class_list":["post-27101","product","type-product","status-publish","has-post-thumbnail","hentry","product_cat-romaner","product_cat-boger"],"_links":{"self":[{"href":"https:\/\/xn--brndpunkt-h3a.dk\/index.php\/wp-json\/wp\/v2\/product\/27101"}],"collection":[{"href":"https:\/\/xn--brndpunkt-h3a.dk\/index.php\/wp-json\/wp\/v2\/product"}],"about":[{"href":"https:\/\/xn--brndpunkt-h3a.dk\/index.php\/wp-json\/wp\/v2\/types\/product"}],"replies":[{"embeddable":true,"href":"https:\/\/xn--brndpunkt-h3a.dk\/index.php\/wp-json\/wp\/v2\/comments?post=27101"}],"wp:featuredmedia":[{"embeddable":true,"href":"https:\/\/xn--brndpunkt-h3a.dk\/index.php\/wp-json\/wp\/v2\/media\/27102"}],"wp:attachment":[{"href":"https:\/\/xn--brndpunkt-h3a.dk\/index.php\/wp-json\/wp\/v2\/media?parent=27101"}],"wp:term":[{"taxonomy":"product_cat","embeddable":true,"href":"https:\/\/xn--brndpunkt-h3a.dk\/index.php\/wp-json\/wp\/v2\/product_cat?post=27101"},{"taxonomy":"product_tag","embeddable":true,"href":"https:\/\/xn--brndpunkt-h3a.dk\/index.php\/wp-json\/wp\/v2\/product_tag?post=27101"}],"curies":[{"name":"wp","href":"https:\/\/api.w.org\/{rel}","templated":true}]}}