{"id":13098,"date":"2022-10-31T10:49:09","date_gmt":"2022-10-31T10:49:09","guid":{"rendered":"https:\/\/xn--brndpunkt-h3a.dk\/?post_type=product&#038;p=13098"},"modified":"2025-10-31T14:56:19","modified_gmt":"2025-10-31T14:56:19","slug":"blodige-brikker-thomas-helle","status":"publish","type":"product","link":"https:\/\/xn--brndpunkt-h3a.dk\/index.php\/product\/blodige-brikker-thomas-helle\/","title":{"rendered":"Blodige brikker &#8211; Thomas Helle"},"content":{"rendered":"","protected":false},"excerpt":{"rendered":"<p>&nbsp;<\/p>\n<p>Lejesoldaten Michael Frost driver hvilel\u00f8st rundt i tilv\u00e6relsen, mens den ene opgave tager den anden.<br \/>\nDa han en dag takker ja til jobbet som livvagt for realitystjernen, Evy Wilkenhoff, er han uvidende om, at hans liv er p\u00e5 vej til at tage en drejning. Det, der skulle have v\u00e6ret nemt tjente penge, sender ham i stedet ud i en blodig kamp for overlevelse. Banale trusler mod den fork\u00e6lede rigmandsdatter viser sig at stikke dybere, end Frost f\u00f8rst havde antaget.<\/p>\n<p>Et brutalt drab efterlader ham d\u00f8delig s\u00e5ret og som jaget vildt. Med livet h\u00e6ngende i en tynd tr\u00e5d m\u00e5 Frost flygte gennem Europa i fors\u00f8get p\u00e5 at samle brikkerne og finde ud af, hvem der er ude efter Evy.<\/p>\n<p><strong>Thomas Helle<\/strong> (f. 1981) opvokset ved Vesterhavet og uddannet skolel\u00e6rer. Debuterede i 2018 med thrilleren <em>De D\u00f8des Tid<\/em>.<\/p>\n<p>&nbsp;<\/p>\n<a href='https:\/\/www.saxo.com\/dk\/blodige-brikker_bog_9788794229944' class='small-button smallblue' target=\"_blank\">K\u00f8b bogen her<\/a>\n<p>&nbsp;<\/p>\n<p><strong><em>Blodige brikker<\/em> kan ogs\u00e5 k\u00f8bes som lydbog og e-bog<\/strong><\/p>\n<p>&nbsp;<\/p>\n<a href='https:\/\/www.saxo.com\/dk\/blodige-brikker_lydbog_9789180519465' class='small-button smallblue' target=\"_blank\">K\u00f8b lydbogen her<\/a>\n<a href='https:\/\/www.saxo.com\/dk\/blodige-brikker_ebog_9788794377102' class='small-button smallblue' target=\"_blank\">K\u00f8b e-bogen her<\/a>\n","protected":false},"featured_media":13099,"comment_status":"open","ping_status":"closed","template":"","meta":{"_et_pb_use_builder":"","_et_pb_old_content":"","_et_gb_content_width":""},"product_cat":[73,81,43],"product_tag":[],"class_list":["post-13098","product","type-product","status-publish","has-post-thumbnail","hentry","product_cat-krimi","product_cat-serier","product_cat-boger"],"_links":{"self":[{"href":"https:\/\/xn--brndpunkt-h3a.dk\/index.php\/wp-json\/wp\/v2\/product\/13098"}],"collection":[{"href":"https:\/\/xn--brndpunkt-h3a.dk\/index.php\/wp-json\/wp\/v2\/product"}],"about":[{"href":"https:\/\/xn--brndpunkt-h3a.dk\/index.php\/wp-json\/wp\/v2\/types\/product"}],"replies":[{"embeddable":true,"href":"https:\/\/xn--brndpunkt-h3a.dk\/index.php\/wp-json\/wp\/v2\/comments?post=13098"}],"wp:featuredmedia":[{"embeddable":true,"href":"https:\/\/xn--brndpunkt-h3a.dk\/index.php\/wp-json\/wp\/v2\/media\/13099"}],"wp:attachment":[{"href":"https:\/\/xn--brndpunkt-h3a.dk\/index.php\/wp-json\/wp\/v2\/media?parent=13098"}],"wp:term":[{"taxonomy":"product_cat","embeddable":true,"href":"https:\/\/xn--brndpunkt-h3a.dk\/index.php\/wp-json\/wp\/v2\/product_cat?post=13098"},{"taxonomy":"product_tag","embeddable":true,"href":"https:\/\/xn--brndpunkt-h3a.dk\/index.php\/wp-json\/wp\/v2\/product_tag?post=13098"}],"curies":[{"name":"wp","href":"https:\/\/api.w.org\/{rel}","templated":true}]}}